*n + 8*n - 35*n + 16*n + 7. Is m(w) a composite number?
False
Let c be ((-12)/(-14))/(3/21). Suppose -c*s = -s - 55. Suppose s = h - 12. Is h prime?
True
Let g = 21 + 23. Let x = g + -25. Suppose -3 = 3*p, -4*p = -0*t + t - x. Is t a composite number?
False
Let v = 11425 - 7803. Is v a prime number?
False
Is (65177/21)/(1/3) a prime number?
True
Suppose -5*i = -5*o - 35890, 2*i - 21528 = -i - 3*o. Is i composite?
False
Let h(i) = 136*i**2 + 9*i - 175. Is h(12) prime?
False
Suppose 0*o - 3*o - 3 = 0. Is -1 + 2655 - ((o - -2) + -4) a prime number?
True
Let l(k) = -4*k**2 + 15*k + 1. Let u(s) = -s**2. Let y(x) = -l(x) + 5*u(x). Is y(-8) prime?
False
Let d(p) = 24*p**2 + 8*p. Let g be d(-6). Suppose -354 + 1349 = 5*f. Suppose -f = -5*o + g. Is o a composite number?
True
Let g = -5420 + 7657. Is g a prime number?
True
Let w(a) = -43*a**3 - a**2 + 1. Let o be w(-1). Suppose 173 = 2*x + o. Is x composite?
True
Let a = 38912 + -18713. Is a prime?
False
Let c(d) = -12*d**3 + 5*d**2 + 2*d - 2. Let m(g) = -g - 14. Let t be m(-15). Let p be t/2*(-18)/3. Is c(p) a prime number?
False
Suppose 108 = -5*w + 4*u - 0*u, -5*w - 102 = -u. Let r = 22 + w. Is ((-3684)/36)/(r/(-6)) composite?
False
Let b = -2923 - -1331. Let q = 4513 + b. Is q a composite number?
True
Let q(o) = 3*o**2 + 5*o + 4. Let v be q(-7). Suppose 0 = m - 4*u - v, -u = 6*m - 2*m - 447. Let k = 699 - m. Is k prime?
True
Suppose -2 = -2*k + 4*y, 0*k + 2*y + 3 = -k. Let x(n) = 75*n**2 - 1. Let h be x(k). Suppose -4*a + 2*a = -h. Is a composite?
False
Let k(a) = 6*a**2 - 2*a + 797 - 35*a**3 - 4*a**2 + 34*a**3. Is k(0) a composite number?
False
Suppose -7391 - 39790 = -t. Is t a composite number?
True
Is 701578/14 - ((-37)/7 + 5) composite?
True
Let n(z) = -z**2 - 13*z + 27. Let w be n(-14). Is 1155/w - (-20)/130 composite?
False
Let f(a) be the third derivative of 0*a + 0 + 1/6*a**3 + 10*a**2 - 1/20*a**5 - 97/120*a**6 - 1/12*a**4. Is f(-2) composite?
False
Let j(f) = -f**2 - 5*f + 4. Let w be j(-5). Is 218 + 1 + -2 + w prime?
False
Let v(t) = 165*t**2 + 4*t - 6. Is v(2) a composite number?
True
Let z be (584/6)/(4/12)*1. Suppose -y = -759 + z. Is y a prime number?
True
Let p = 6 - 5. Let v = p + 3. Suppose -v*t = -9*t + 255. Is t a prime number?
False
Let q be ((-442)/6)/(1/30). Let w = q + 1543. Let k = w + 1205. Is k prime?
False
Suppose 2*u - 15 = 5*a, -u + 2*u = -4*a - 12. Is (37 - u) + 8 + -12 a composite number?
True
Suppose 14*v - 9*v - 805 = 0. Suppose 0 = -g + v + 396. Is g composite?
False
Let t(o) = 18*o**2 - 2*o - 2. Let n be t(2). Let h be n + -1 + -2 + 0. Let d = h - 10. Is d composite?
False
Suppose 4*p = 5 + 3. Suppose s + 2*c - 8 = p*s, -s + 16 = 4*c. Suppose -2*v + 5*v - 805 = -2*x, s = 2*v - 3*x - 528. Is v prime?
False
Let p = -14 + 17. Suppose 0 = -p*d - 2*d + 35. Suppose 5*z + 3 = -d, 0 = 3*w - 2*z - 343. Is w a prime number?
True
Suppose 80*c - 68*c = 106644. Is c composite?
False
Suppose 0 = -3*f + 16 + 20. Let v = -9 + f. Suppose -v*q + 2797 = 700. Is q a composite number?
True
Is (-237135)/(-20) - (-4)/16 prime?
False
Let s(x) = 2344*x**3 - 17*x**2 - 3*x + 14. Let b(l) = 781*l**3 - 6*l**2 - l + 5. Let d(f) = 17*b(f) - 6*s(f). Is d(-1) composite?
False
Suppose 0 = -5*w + 19033 + 149622. Is w a composite number?
True
Suppose 0 = -13*h + 61122 + 66187. Is h composite?
True
Let w = 6816 - 1669. Is w composite?
False
Let s(n) = n**2 + 10*n - 27. Let y be s(-12). Is 5 + y + 2 + 1376 + 1 a composite number?
False
Suppose -3*o + 3067 = 4*t, 3*t + t = 16. Suppose -o = -3*f + 159. Suppose 2*l - 342 = f. Is l composite?
False
Suppose 0 = 5*z - 20, 2*t + 5*z = z + 326. Suppose -2*h + k + t = 0, 5*h - 423 = k - 37. Is h a composite number?
True
Let z(k) = -71*k**3 - 2*k**2 + k + 2. Let x be z(-1). Suppose -x = 2*d - 380. Is d a prime number?
False
Suppose -j - x + 68760 = 4*x, -4*j + 275160 = -4*x. Is j a prime number?
False
Is 14 + (4 - 11) - -14702 prime?
False
Let j(z) = z**3 - 6*z**2 + z - 3. Let s be j(6). Suppose s*c - 2*x = 14, 3*c - 2*x - 10 = 2*c. Is (5*-2)/(c/(-29)) a prime number?
False
Let v(k) = 62*k**2 - 8*k - 27. Is v(-12) a composite number?
True
Let x(t) = 2*t**2 - t + 1. Let d be x(1). Let g(n) = -3*n + 15 + 0*n - d*n - 11*n. Is g(-13) a composite number?
False
Suppose -4*l + 7*l = 0. Suppose 2*d + 197 - 1359 = l. Is d composite?
True
Suppose -3*v = -3098 - 1873. Is v prime?
True
Suppose -3*m = -8*m + 15. Let x = m + 2. Suppose 0 = -0*j + j - x*u - 6, 0 = -2*u + 8. Is j composite?
True
Suppose -z = 2*k + 16, 0 = 7*z - 3*z + k + 50. Is ((-7083)/6)/(-1)*(-8)/z composite?
False
Suppose 2*j = -4*o + 7*j + 177, 2*o - 5*j = 91. Let u(q) = -q**2 - 15*q + 10. Let g be u(-7). Suppose g = m - o. Is m composite?
False
Let r = -229 + -186. Let i = 799 - r. Is i a composite number?
True
Suppose -t + 22814 + 83753 = 5*z, 0 = -2*z - t + 42628. Is z a composite number?
False
Let q = 7289 + -2500. Is q a prime number?
True
Suppose 4*b - 14900 = -16*b. Is b prime?
False
Let f(g) = -g**3 - 2*g**2 - g + 3301. Let x be f(0). Let c = x + -1542. Is c a composite number?
False
Suppose 2*s = -s. Suppose 4*k - 880 = -s*k. Suppose 2*d - 694 = k. Is d prime?
True
Suppose -5649 - 8225 = -14*q. Is q a prime number?
True
Suppose -2*i - i + 6 = 0. Suppose -i*h = -0*h - 34. Let r = h + 38. Is r a prime number?
False
Let f(o) = o**3 + 12*o**2 + 18*o - 22. Let l be f(-10). Let a = 1 - -7. Is 0 - 44/a*l a prime number?
True
Let y = 24782 - 11247. Is y a prime number?
False
Suppose 0 = -5*f - 4*y - 4, -6 + 2 = 4*y. Suppose -5*n = -f*n, -4*k - 140 = -n. Is (-10)/k + (-4098)/(-14) composite?
False
Suppose 0 = -2*q + 8, z + 4*z + 5*q = 1170. Suppose -5*x - z - 290 = 0. Is 1 - x/(4/2) composite?
False
Let x be (-50)/(-18) + (-8)/(-36). Let b(j) = j**2 + j + 5. Let h be b(0). Suppose t = h*v + 16, -x*t - 3*v = -3 - 81. Is t a prime number?
False
Let d(x) = 22*x - 5. Let p = -10 + 8. Let f = 5 - p. Is d(f) prime?
True
Let q(w) = -w**3 - 8*w**2 - 5*w + 2. Let v be q(-7). Let d = v + 16. Suppose 0 = -j - d, 5*i - 26 = -j + 35. Is i composite?
False
Suppose -5*w = q + q - 5411, 3*w = -4*q + 10829. Suppose -7*v + 11*v - q = 0. Is v prime?
True
Suppose 5*k - 2569 = -5*j + 3726, -j - 6307 = -5*k. Is k composite?
True
Suppose 401*i = 424*i - 221881. Is i prime?
False
Suppose 4*w + 8661 = w. Let r = w + 5456. Is r prime?
False
Suppose k = 4*k + 36. Let b be (k/9 - -2)*111. Suppose 0*v = -2*v + b. Is v composite?
False
Let p = 9035 - 4086. Suppose -5*o + p = 2*o. Is o composite?
True
Suppose -o = -2*w - 1, 5*w = -o - o - 16. Is (-451 - w)*(1 + 2 + -4) a prime number?
True
Suppose -264467 = 125*v - 132*v. Is v a prime number?
True
Let l(j) = 1230*j**2 + 176*j - 3. Is l(5) composite?
False
Suppose 2*j = 3 + 5. Suppose -j*r = -r - 114. Let l = 15 + r. Is l a composite number?
False
Let f(j) = 29*j**2 - 10*j**2 - 23 - 13*j - 5*j**3 + j**2 + 4*j**3. Is f(15) prime?
True
Suppose 0 = 2*l + 4*y + 56, -5*y = -l - 6 - 1. Let u = -127 - -186. Let d = l + u. Is d composite?
False
Let k(h) = -140*h + 1. Let u = 8 + -30. Let f = u - -21. Is k(f) prime?
False
Suppose 8 = 2*k, 58*k + 49659 = l + 57*k. Is l a composite number?
False
Let o be 206/10 + (-28)/(-70). Suppose 4*t - o = 5*q, -2*q = 4*t + 2*q - 12. Is t + (-14)/2 + 320 composite?
False
Let p be (0 - 2) + 1*220. Suppose 656 - p = 2*s. Is s a composite number?
True
Let v = 4310 + 801. Is v a prime number?
False
Suppose 0 = 31*z - 27*z - 3012. Is z a composite number?
True
Suppose 225661 = 19*g - 530140. Is g composite?
False
Let w = 32590 - 14817. Is w a composite number?
True
Suppose -116771 = -6*g - 17*g. Is g a prime number?
True
Let u be 100/1 + (4 - 1). Let n = u - 16. Is n composite?
True
Let o be (0 - -1) + (-7 - -10). Suppose n = -o*n. Suppose 2*y + 4*y - 2226 = n. Is y a prime number?
False
Let f(w) = 21*w**2 - 1. Let q be f(-1). Is (q/15)/4*1281 a prime number?
False
Let b(o) = 5*o**2 + 9*o + 21. Suppose 0*s + 2*s - 4*n - 18 = 0, 0 = 5*s - 5*n - 40. Is b(s) a composite number?
True
Is 7400 + 36/(-42) + (-86)/14 a composite number?
False
Suppose -5*a - 6027 = -2*z, -z + 2841 = -a - 171. Is z composite?
False
Let t(v) = -25*v - 2. Let l(y) = -y - 6. Let k be l(-9). Let z(i) = -2*i**3 + 4*i**2 + 3. Let f be z(k). Is t(f) a composite number?
False
Let i = 52 + -52. 